the units digit of 12694?
4
What is the tens digit of 323976?
7
What is the hundred thousands digit of 797319?
7
What is the units digit of 1495763?
3
What is the units digit of 7700735?
5
What is the thousands digit of 9318184?
8
What is the hundred thousands digit of 245222?
2
What is the thousands digit of 89604?
9
What is the hundred thousands digit of 427004?
4
What is the ten thousands digit of 6135789?
3
What is the hundreds digit of 6471784?
7
What is the tens digit of 3791887?
8
What is the thousands digit of 16419644?
9
What is the units digit of 59595?
5
What is the millions digit of 24014024?
4
What is the millions digit of 1085152?
1
What is the tens digit of 1246156?
5
What is the hundreds digit of 429831?
8
What is the thousands digit of 307927?
7
What is the tens digit of 1839922?
2
What is the tens digit of 3605677?
7
What is the hundred thousands digit of 209061?
2
What is the units digit of 1572526?
6
What is the tens digit of 8998651?
5
What is the hundreds digit of 4599327?
3
What is the units digit of 335613?
3
What is the units digit of 1884862?
2
What is the units digit of 1751436?
6
What is the ten thousands digit of 35570?
3
What is the hundreds digit of 12574224?
2
What is the hundred thousands digit of 265617?
2
What is the thousands digit of 254490?
4
What is the ten millions digit of 16846262?
1
What is the ten thousands digit of 914012?
1
What is the thousands digit of 38612881?
2
What is the ten thousands digit of 319613?
1
What is the millions digit of 3311323?
3
What is the hundred thousands digit of 2163265?
1
What is the hundreds digit of 694639?
6
What is the hundred thousands digit of 539632?
5
What is the thousands digit of 166254?
6
What is the ten thousands digit of 2592246?
9
What is the tens digit of 507251?
5
What is the hundred thousands digit of 442402?
4
What is the hundred thousands digit of 944715?
9
What is the tens digit of 5056978?
7
What is the units digit of 3725465?
5
What is the tens digit of 104053?
5
What is the tens digit of 1213710?
1
What is the hundreds digit of 10003665?
6
What is the units digit of 437598?
8
What is the tens digit of 10103719?
1
What is the hundred thousands digit of 6281833?
2
What is the hundreds digit of 355?
3
What is the thousands digit of 387648?
7
What is the hundreds digit of 11261766?
7
What is the hundreds digit of 986126?
1
What is the ten thousands digit of 3084077?
8
What is the thousands digit of 1362231?
2
What is the tens digit of 390152?
5
What is the ten thousands digit of 7872246?
7
What is the thousands digit of 24266105?
6
What is the hundreds digit of 89889?
8
What is the units digit of 724298?
8
What is the hundreds digit of 9624124?
1
What is the ten thousands digit of 162309?
6
What is the hundred thousands digit of 3587806?
5
What is the units digit of 785779?
9
What is the ten thousands digit of 163846?
6
What is the thousands digit of 5464465?
4
What is the units digit of 27749567?
7
What is the hundred thousands digit of 244228?
2
What is the tens digit of 295186?
8
What is the units digit of 218739?
9
What is the thousands digit of 2808694?
8
What is the hundreds digit of 8779?
7
What is the millions digit of 5634645?
5
What is the hundred thousands digit of 136821?
1
What is the hundred thousands digit of 12516474?
5
What is the ten thousands digit of 304793?
0
What is the thousands digit of 11041465?
1
What is the units digit of 3327?
7
What is the hundred thousands digit of 7371756?
3
What is the hundreds digit of 8579284?
2
What is the thousands digit of 102234?
2
What is the tens digit of 1035245?
4
What is the ten thousands digit of 29483562?
8
What is the thousands digit of 616002?
6
What is the tens digit of 5085561?
6
What is the hundreds digit of 63086?
0
What is the ten thousands digit of 974672?
7
What is the hundreds digit of 1365425?
4
What is the hundreds digit of 311401?
4
What is the thousands digit of 3323229?
3
What is the millions digit of 4706896?
4
What is the tens digit of 89632?
3
What is the ten thousands digit of 8196744?
9
What is the ten millions digit of 23272331?
2
What is the hundreds digit of 939429?
4
What is the thousands digit of 3968226?
8
What is the ten thousands digit of 20356377?
5
What is the thousands digit of 3252061?
2
What is the thousands digit of 1369187?
9
What is the thousands digit of 944990?
4
What is the hundreds digit of 4384159?
1
What is the tens digit of 193808?
0
What is the ten thousands digit of 19516140?
1
What is the hundreds digit of 302014?
0
What is the units digit of 379498?
8
What is the tens digit of 1267312?
1
What is the tens digit of 193249?
4
What is the ten thousands digit of 2157072?
5
What is the thousands digit of 18461882?
1
What is the ten thousands digit of 427309?
2
What is the hundreds digit of 312288?
2
What is the units digit of 191237?
7
What is the thousands digit of 16413?
6
What is the tens digit of 8598?
9
What is the ten thousands digit of 440311?
4
What is the tens digit of 189060?
6
What is the ten thousands digit of 4772987?
7
What is the tens digit of 402219?
1
What is the ten thousands digit of 37950?
3
What is the units digit of 215024?
4
What is the units digit of 222673?
3
What is the tens digit of 3303991?
9
What is the thousands digit of 309678?
9
What is the units digit of 3163340?
0
What is the tens digit of 334833?
3
What is the thousands digit of 9235435?
5
What is the ten thousands digit of 1000093?
0
What is the units digit of 758757?
7
What is the ten thousands digit of 2714028?
1
What is the hundred thousands digit of 115285?
1
What is the thousands digit of 16374?
6
What is the millions digit of 1055499?
1
What is the units digit of 4833635?
5
What is the units digit of 538628?
8
What is the ten millions digit of 15938409?
1
What is the units digit of 192890?
0
What is the ten thousands digit of 155116?
5
What is the ten thousands digit of 2017299?
1
What is the thousands digit of 1517876?
7
What is the hundred thousands digit of 2078498?
0
What is the units digit of 94439?
9
What is the ten thousands digit of 129996?
2
What is the ten thousands digit of 1449758?
4
What is the tens digit of 1800831?
3
What is the millions digit of 12785198?
2
What is the thousands digit of 224999?
4
What is the ten thousands digit of 348266?
4
What is the units digit of 486728?
8
What is the hundreds digit of 2472927?
9
What is the tens digit of 28047021?
2
What is the thousands digit of 20197163?
7
What is the thousands digit of 337721?
7
What is the hundreds digit of 508773?
7
What is the ten thousands digit of 148928?
4
What is the ten thousands digit of 27275?
2
What is the hundreds digit of 2095009?
0
What is the thousands digit of 895481?
5
What is the hundred thousands digit of 213351?
2
What is the hundred thousands digit of 164731?
1
What is the hundred thousands digit of 121057?
1
What is the units digit of 8055510?
0
What is the hundred thousands digit of 212443?
2
What is the tens digit of 17574?
7
What is the hundred thousands digit of 851666?
8
What is the ten thousands digit of 1037602?
3
What is the hundreds digit of 14766179?
1
What is the thousands digit of 39310?
9
What is the thousands digit of 237213?
7
What is the tens digit of 1609422?
2
What is the hundreds digit of 3320163?
1
What is the hundreds digit of 131079?
0
What is the units digit of 1196828?
8
What is the ten thousands digit of 394673?
9
What is the hundred thousands digit of 7936799?
9
What is the hundreds digit of 1524973?
9
What is the millions digit of 3362634?
3
What is the hundred thousands digit of 160389?
1
What is the millions digit of 1264228?
1
What is the millions digit of 3640380?
3
What is the hundreds digit of 564658?
6
What is the hundred thousands digit of 213782?
2
What is the tens digit of 107297?
9
What is the ten thousands digit of 28932199?
3
What is the units digit of 1564688?
8
What is the hundred thousands digit of 1130070?
1
What is the ten millions digit of 10835150?
1
What is the millions digit of 1362172?
1
What is the ten thousands digit of 650195?
5
What is the hundred thousands digit of 3037527?
0
What is the tens digit of 112895?
9
What is the tens digit of 438145?
4
What is the thousands digit of 351931?
1
What is the ten mi